--
-- Host: localhost    Database: cinema
-- ------------------------------------------------------


--
-- Table structure for table `artiste`
--

CREATE TABLE `artiste` (
  `idArtiste` int(10) unsigned NOT NULL AUTO_INCREMENT,
  `nom` varchar(45) DEFAULT NULL,
  `prenom` varchar(45) DEFAULT NULL,
  `dateNaiss` date DEFAULT NULL,
  `image` longtext,
  PRIMARY KEY (`idArtiste`)
) ENGINE=InnoDB AUTO_INCREMENT=12 DEFAULT CHARSET=utf8;

--
-- Dumping data for table `artiste`
--

INSERT INTO `artiste` VALUES (1,'Scott','Ridley','1943-01-26','https://fr.web.img3.acsta.net/pictures/14/12/10/16/47/273365.jpg'),(2,'Hitchcock','Alfred','1899-02-27','https://upload.wikimedia.org/wikipedia/commons/9/94/Hitchcock,_Alfred_02.jpg'),(3,'Kurosawa','Akira','1910-03-28','data:image/jpeg;base64,[BLOB]'),(4,'Woo','John','1946-04-29','https://upload.wikimedia.org/wikipedia/commons/0/02/John_Woo_Cannes_2005.jpg'),(5,'Tarantino','Quentin','1963-05-30','https://fr.web.img3.acsta.net/pictures/19/05/22/10/33/5945451.jpg'),(6,'Cameron','James','1954-06-30','https://www.premiere.fr/sites/default/files/styles/scale_crop_560x800/public/2018-04/abaca_357031_019_0.jpg'),(7,'Tarkovski','Andrei','1932-11-23','https://oursmagazine.fr/wp-content/uploads/2019/12/Andrei_Tarkovsky-225x300.jpg'),(8,'Henry','Thomas','1971-09-09','https://fr.web.img6.acsta.net/pictures/17/08/02/11/44/356491.jpg'),(9,'Spielberg','Steven','1946-12-18','data:image/jpeg;base64,[BLOB]');

--
-- Table structure for table `film`
--

CREATE TABLE `film` (
  `idFilm` int(10) unsigned NOT NULL AUTO_INCREMENT,
  `titre` varchar(45) DEFAULT NULL,
  `annee` varchar(4) DEFAULT NULL,
  `resume` varchar(512) CHARACTER SET utf8 COLLATE utf8_bin DEFAULT NULL,
  `Artiste_idRealisateur` int(10) unsigned NOT NULL,
  `Genre_idGenre` int(10) unsigned NOT NULL,
  `image` longtext,
  PRIMARY KEY (`idFilm`),
  KEY `fk_Film_Artiste_idx` (`Artiste_idRealisateur`),
  KEY `fk_Film_Genre1_idx` (`Genre_idGenre`),
  CONSTRAINT `fk_Film_Artiste` FOREIGN KEY (`Artiste_idRealisateur`) REFERENCES `artiste` (`idArtiste`) ON DELETE NO ACTION ON UPDATE NO ACTION,
  CONSTRAINT `fk_Film_Genre1` FOREIGN KEY (`Genre_idGenre`) REFERENCES `genre` (`idGenre`) ON DELETE NO ACTION ON UPDATE NO ACTION
) ENGINE=InnoDB AUTO_INCREMENT=51 DEFAULT CHARSET=utf8;

--
-- Dumping data for table `film`
--

INSERT INTO `film` VALUES (1,'Alien','1980','Durant le voyage de retour d\'un immense cargo spatial en mission commerciale de routine, ses passagers, cinq ommes et deux femmes plongés en hibernation, sont tirés de leur léthargie dix mois plus tôt que prévu par Mother, l\'ordinateur de bord. Ce dernier a en effet capté dans le silence interplanétaire des signaux sonores, et suivant une certaine clause du contrat de navigation, les astronautes sont chargés de prospecter tout indice de vie dans l\'espace.',1,2,'https://fr.web.img3.acsta.net/medias/nmedia/18/35/14/60/18363837.jpg'),(2,'Vertigo','1958','Scottie, inspecteur de police, a été limogé parce qu\'il est sujet au vertige. Un de ses vieux amis le charge de surveiller sa très belle femme, Madeleine, dont le comportement étrange lui fait craindre qu\'elle ne se suicide. Scottie la prend en filature, la sauve d\'une noyade volontaire puis s\'éprend d\'elle. Cependant, en raison de sa peur du vide, il ne parvient pas à l\'empêcher de se précipiter du haut d\'un clocher.',2,7,'https://encrypted-tbn0.gstatic.com/images?q=tbn:ANd9GcRJXzhF_CQa9t9VZAiVtOmFmPfpceyiziANK14kj0rMh3kX4Kv4'),(3,'Psychose','1960','Phoenix, Arizona. Marion Crane et Sam Loomis sont amants mais le manque d\'argent compromet leur mariage. Sam doit verser une pension alimentaire à son ex-femme et éponger les dettes de son père. Marion supporte de plus en plus mal cet amour se limitant à des rencontres furtives. De retour au bureau, elle assiste à une transaction immobilière entre un riche client et son patron, qui la charge de déposer à la banque 40.000 dollars.',2,2,'https://fr.web.img2.acsta.net/medias/nmedia/18/35/44/77/18672162.jpg'),(4,'Kagemusha','1980','En 1573, le Japon est le théâtre de guerres incessantes entre clans rivaux. Le plus puissant de ces clans est commandé par Shingen Takeda. Au cours du siège du château de Noda, Takeda est blessé à mort par un tireur embusqué.',3,6,'https://upload.wikimedia.org/wikipedia/en/5/50/Kagemusha_poster.jpg'),(5,'Le Syndicat du crime','1993','Sung Tse-Kit, un jeune policier idéaliste, tout frais émoulu de l\'académie de police, a pour frère Tse-Ho, un séide du syndicat du crime de Hong-Kong. Tse-Kit ne peut que désapprouver les agissements de Tse-Ho et les deux hommes sont contraints de rompre leurs relations.',4,1,'https://media.senscritique.com/media/000004981001/source_big/Le_Syndicat_du_crime.png'),(6,'Pulp Fiction','1994','L\'odyssée sanglante et burlesque de petits malfrats dans la jungle de Hollywood à travers trois histoires qui s\'entremêlent. Dans un restaurant, un couple de jeunes braqueurs, Pumpkin et Yolanda, discutent des risques que comporte leur activité. Deux truands, Jules Winnfield et son ami Vincent Vega, qui revient d\'Amsterdam, ont pour mission de récupérer une mallette au contenu mystérieux et de la rapporter à Marsellus Wallace.',5,4,'https://static.posters.cz/image/750/affiches-et-posters/pulp-fiction-cover-i1288.jpg'),(7,'Avatar','2009','Malgré sa paralysie, Jake Sully, un ancien marine immobilisé dans un fauteuil roulant, est resté un combattant au plus profond de son être. Il est recruté pour se rendre à des années-lumière de la Terre, sur Pandora, où de puissants groupes industriels exploitent un minerai rarissime destiné à résoudre la crise énergétique sur Terre.',6,5,'https://www.telerama.fr/sites/tr_master/files/ea70fd04-d87a-40ef-8fad-ba3cce3d94ea_2.jpg'),(8,'Stalker','1979','Stalker, sorte de guide, accompagne un physicien et un écrivain dans la zone, vaste no man\'s land ou jadis est tombe une météorite. Ce territoire contient un secret: la chambre des désirs exauçant les voeux de ceux qui s\'y rendent.',7,4,'https://media.senscritique.com/media/000006360574/source_big/Stalker.jpg'),(9,'DREAMKATCHER','2020','Gail est psychothérapeute à Manhattan. Elle part s\'installer quelques temps au calme dans les montagnes avec son beau-fils Josh qui souffre de terribles cauchemars. Ils ne tardent pas à rencontrer leur étrange voisine Ruth qui collectionne les attrape-rêves. Quand Josh lui dérobe l\'un d\'entre eux, ses cauchemars disparaissent mais son comportement en est profondément modifié.',8,7,'https://fr.web.img4.acsta.net/c_310_420/pictures/20/09/09/10/49/5356195.jpg'),(44,'Il faut sauver le soldat Ryan','1998','Tandis que les forces alliées débarquent à Omaha Beach, Miller doit conduire son escouade derrière les lignes ennemies pour une mission particulièrement dangereuse: trouver et ramener sain et sauf le simple soldat James Ryan, dont les trois frères sont morts au combat en l\'espace de trois jours.',9,1,'https://fr.web.img2.acsta.net/medias/04/22/53/042253_af.jpg'),(46,'Blade Runner','1982','En l\'an 2019, un ex-policier devenu détective privé, Rick Deckard, est rappelé en service pour faire la chasse à des robots d\'apparence humaine appelés \"replicants.\" Deckard doit en éliminer quatre qui se cachent à Los Angeles. La tâche n\'est pas facile, mais il arrive à supprimer trois des robots, sans pouvoir empêcher le meurtre d\'un important industriel. Le quatrième \"replicant,\" Batty, s\'avère particulièrement coriace.',1,7,'https://img.over-blog-kiwi.com/1/20/70/98/20171007/ob_7337ce_blade-runner.jpg'),(47,'Gladiator','2000','Le général romain Maximus est le plus fidèle soutien de l\'empereur Marc Aurèle, qu\'il a conduit de victoire en victoire. Jaloux du prestige de Maximus, et plus encore de l\'amour que lui voue l\'empereur, le fils de Marc Aurèle, Commode, s\'arroge brutalement le pouvoir, puis ordonne l\'arrestation du général et son exécution. Maximus échappe à ses assassins, mais ne peut empêcher le massacre de sa famille. Capturé par un marchand d\'esclaves, il devient gladiateur et prépare sa vengeance.\r\n',1,6,'https://fr.web.img6.acsta.net/medias/nmedia/18/68/64/41/19254510.jpg'),(48,'Seul Sur Mars','2015','Lors d\'une expédition sur Mars, l\'astronaute Mark Watney est laissé pour mort par ses coéquipiers, une tempête les ayant obligés à décoller en urgence. Mais Mark a survécu et il est désormais seul, sans moyen de repartir, sur une planète hostile. Il va devoir faire appel à son intelligence et son ingéniosité pour tenter de survivre et trouver un moyen de contacter la Terre.',1,5,'https://fr.web.img3.acsta.net/pictures/15/09/08/15/20/305329.jpg'),(49,'La Chute du faucon noir','2002','En 1992, Mohamed Farrah Aidid fait régner la terreur sur le territoire somalien. Pour venir en aide à la population qui meurt de faim, George Bush, alors président des États-Unis, met sur pied une expédition humanitaire. Quelques mois plus tard, Bill Clinton est au pouvoir, et poursuit l\'oeuvre de son prédécesseur.',1,8,'https://fr.web.img6.acsta.net/medias/nmedia/00/02/38/61/affauconnoir.jpg'),(50,'Seul contre tous','2015','Au début des années 2000, le docteur Bennet Omalu, médecin légiste d\'origine nigérienne, s\'installe à Pittsburgh où il mène ses travaux dans un laboratoire de neuropathologie. À la mort d\'un ancien sportif professionnel, le brillant scientifique découvre une nouvelle maladie encore jamais documentée : des commotions cérébrales répétées conduisent prématurément des athlètes de haut niveau à la morgue. Cette trouvaille majeure sème une véritable onde de choc dans les milieux sportifs.',1,23,'https://fr.web.img2.acsta.net/pictures/15/12/03/18/25/438540.jpg');

--
-- Table structure for table `genre`
--

CREATE TABLE `genre` (
  `idGenre` int(10) unsigned NOT NULL AUTO_INCREMENT,
  `libelle` varchar(45) DEFAULT NULL,
  PRIMARY KEY (`idGenre`)
) ENGINE=InnoDB AUTO_INCREMENT=24 DEFAULT CHARSET=utf8;

--
-- Dumping data for table `genre`
--

INSERT INTO `genre` VALUES (1,'Action'),(2,'Horreur'),(3,'Comedie'),(4,'Dramatique'),(5,'Fiction'),(6,'Peplum'),(7,'Thriller'),(8,'Guerre'),(23,'Drame');

--
-- Table structure for table `jouer`
--

CREATE TABLE `jouer` (
  `Artiste_idArtiste` int(10) unsigned NOT NULL,
  `Film_idFilm` int(10) unsigned NOT NULL,
  `role` varchar(45) DEFAULT NULL,
  PRIMARY KEY (`Artiste_idArtiste`,`Film_idFilm`),
  KEY `fk_Jouer_idFilm_idx` (`Film_idFilm`),
  KEY `fk_Jouer_idArtiste_idx` (`Artiste_idArtiste`),
  CONSTRAINT `fk_Jouer_idArtiste` FOREIGN KEY (`Artiste_idArtiste`) REFERENCES `artiste` (`idArtiste`) ON DELETE NO ACTION ON UPDATE NO ACTION,
  CONSTRAINT `fk_Jouer_idFilm` FOREIGN KEY (`Film_idFilm`) REFERENCES `film` (`idFilm`) ON DELETE NO ACTION ON UPDATE NO ACTION
) ENGINE=InnoDB DEFAULT CHARSET=utf8;

--
-- Dumping data for table `jouer`
--

INSERT INTO `jouer` VALUES (13,1,'Eliott'),(14,2,'Scottie');

--
-- Table structure for table `noter`
--

CREATE TABLE `noter` (
  `Internaute_idInternaute` int(10) unsigned NOT NULL,
  `Film_idFilm` int(10) unsigned NOT NULL,
  `note` int(11) NOT NULL,
  `commentaire` varchar(128) NOT NULL,
  PRIMARY KEY (`Internaute_idInternaute`,`Film_idFilm`),
  KEY `fk_Noter_idFilm_idx` (`Film_idFilm`),
  KEY `fk_Noter_idInternaute_idx` (`Internaute_idInternaute`),
  CONSTRAINT `fk_Noter_idFilm` FOREIGN KEY (`Film_idFilm`) REFERENCES `film` (`idFilm`) ON DELETE NO ACTION ON UPDATE NO ACTION,
  CONSTRAINT `fk_Noter_idInternaute` FOREIGN KEY (`Internaute_idInternaute`) REFERENCES `internaute` (`idInternaute`) ON DELETE NO ACTION ON UPDATE NO ACTION
) ENGINE=InnoDB DEFAULT CHARSET=utf8;

--
-- Dumping data for table `noter`
--

INSERT INTO `noter` VALUES (1,1,9,'Super Film ! C\'est un chef d\'oeuvre intemporelle !'),(1,4,8,'Ce film nous plonge dans une histoire et époque époustouflante ! Incroyable !'),(1,7,5,'Malgré des effets spéciaux incroyable, l\'histoire du film est selon moi plus que baclé.'),(2,47,7,'Une histoire qui est bien raconté malgré certaines scène qui dure trop longtemps pour pas grand choses.'),(2,48,9,'Un film prenant et qui fait rendre compte des enjeux de l\'Humanité.'),(2,50,4,'Dommage que le film ne parle de certain enjeux qui aurais été plus intéressant à évoquer.'),(7,7,8,'Une histoire prenante et des effets spéciaux incroyables'),(7,9,8,'L\'univers de ce film est tous simplement bouleversant !'),(7,44,10,'La réalisation de ce film est juste incroyable ! Difficile de faire mieux !'),(8,46,8,'Un film incontournable et éternel !'),(8,48,9,'L\'histoire et le déroulement du film est juste incroyable. L\'atmosphère et pesante et cela se ressent.'),(9,3,7,'Un classique du cinéma ! À la fois effrayant et bien rythmé.'),(9,6,9,'L\'histoire et la mise en scène globale est parfaitement exécutée ! Film Incroyable');


